{"id":2166,"date":"2020-02-11T17:46:19","date_gmt":"2020-02-11T17:46:19","guid":{"rendered":"https:\/\/www.hoteldavila.pt\/portal\/?page_id=2166"},"modified":"2020-07-13T22:00:46","modified_gmt":"2020-07-13T22:00:46","slug":"manteigas","status":"publish","type":"page","link":"https:\/\/www.hoteldavila.pt\/portal\/manteigas\/","title":{"rendered":"A Vila de Manteigas"},"content":{"rendered":"<p>[vc_row full_width=&#8221;stretch_row&#8221; css=&#8221;.vc_custom_1531729276201{padding-bottom: 80px !important;}&#8221;][vc_column width=&#8221;1\/2&#8243;]\t\t\t<div\r\n\t\t\t\tclass=\"main_title  text-left  \">\r\n\t\t\t\t<h2 class=\"title\">A sua origem remonta a 1188...<\/h2>\r\n\t\t\t\t\t\t\t\t\t<p class=\"main_description\">O Vale Glaciar do Z\u00eazere um dos ex-l\u00edbris de Manteigas<\/p>\r\n\t\t\t\t\t\t\t<\/div>\r\n\t\t[vc_column_text]O Concelho de Manteigas, \u00e9 um territ\u00f3rio privilegiado e singular em pleno Parque Natural da Serra da Estrela, cujas condi\u00e7\u00f5es naturais, ecol\u00f3gicas e paisag\u00edsticas deslumbram naturais e visitantes.<br \/>\nEm Manteigas pode desfrutar-se uma paisagem diversificada e com elementos \u00edmpares, <span class=\"conv\" title=\"Palavra original: atractiva\">atrativa<\/span> e bem conservada, com locais de grande beleza e tranquilidade, que possibilitam o contacto \u00edntimo com a natureza.<br \/>\nA Serra da Estrela \u00e9 a \u00fanica em Portugal onde se fez sentir de forma singular a <span class=\"conv\" title=\"Palavra original: ac\u00e7\u00e3o\">a\u00e7\u00e3o<\/span> glaci\u00e1ria, deixando numerosos testemunhos na paisagem, tal como rochas polidas, blocos err\u00e1ticos, cov\u00f5es, moreias e lagoas glaciares, profundos vales em U, sendo o Vale Glaciar do Z\u00eazere um dos ex-l\u00edbris de Manteigas.<br \/>\nO elemento \u00e1gua \u00e9 estruturante neste Concelho e na regi\u00e3o, pois \u00e0 semelhan\u00e7a do corpo humano, constitui a base da sua exist\u00eancia.<br \/>\nO turismo de sa\u00fade e bem-estar aliam-se na Est\u00e2ncia Termal <span class=\"erro0\"><span class=\"erro\" title=\"(Sem sugest\u00f5es)\">\u2013<\/span><\/span> Caldas de Manteigas, que \u00e9 complementado por um centro de interpreta\u00e7\u00e3o, parque de merendas e um posto de venda ao p\u00fablico das trutas produzidas na truticultura <span class=\"erro0\"><span class=\"erro\" title=\"(Sem sugest\u00f5es)\">\u2013<\/span><\/span> Viveiro das Trutas, que se instalou ali aproveitando as \u00e1guas cristalinas e bravas que irrompem da serra.<br \/>\nA cascata da Fonte Paulo Lu\u00eds Martins <span class=\"erro0\"><span class=\"erro\" title=\"(Sem sugest\u00f5es)\">\u2013<\/span><\/span> que nunca <span class=\"convAlt\" title=\"Palavra alterada com grafia alternativa: paira\">p\u00e1ra<\/span> de brotar a sua \u00e1gua refrescante, o Po\u00e7o do Inferno <span class=\"erro0\"><span class=\"erro\" title=\"(Sem sugest\u00f5es)\">\u2013<\/span><\/span>uma queda de \u00e1gua com cerca de 10 metros, com origem na garganta aberta pela Ribeira de <span class=\"erro0\"><span class=\"erro\" title=\"Queria dizer: Leandras, Landres (...)\">Leandres<\/span><\/span>, as Penhas Douradas <span class=\"erro0\"><span class=\"erro\" title=\"(Sem sugest\u00f5es)\">\u2013<\/span><\/span> que ter\u00e3o come\u00e7ado por ser procuradas por pessoas que ambicionavam os \u00abbons ares\u00bb da Serra e onde se destaca a harmonia entre o Homem e a Natureza, culminando com a subida ao ponto de maior altitude em Portugal Continental <span class=\"erro0\"><span class=\"erro\" title=\"(Sem sugest\u00f5es)\">\u2013<\/span><\/span> Torre, s\u00e3o locais dignos de uma visita.<br \/>\nA sua biodiversidade permite que Manteigas, seja um aut\u00eantico \u00ablivro de estudo\u00bb, real\u00e7ando-se a complementaridade biol\u00f3gica com a geomorfologia do territ\u00f3rio.<br \/>\nA pastor\u00edcia e <span class=\"conv\" title=\"Palavra original: actividades\">atividades<\/span> com ela relacionada conferem uma particularidade ao Concelho, cuja origem remonta a 1188 quando D. Sancho I concedeu o primeiro foral \u00e0 vila, hoje retratada pelo artesanato de tecelagem, que perpetua a tradi\u00e7\u00e3o da ind\u00fastria dos lanif\u00edcios, realizando-se anualmente na altura do Carnaval, uma Mostra de <span class=\"conv\" title=\"Palavra original: Actividades\">Atividades<\/span>, Feira de Artesanato e a Prova do Queijo da Serra da Estrela (Expo Estrela), que atrai muitos visitantes ao Concelho.<\/p>\n<h6><em>Fonte: C\u00e2mara Municipal de Manteigas<\/em><\/h6>\n<p>[\/vc_column_text][\/vc_column][vc_column width=&#8221;1\/2&#8243;][vc_empty_space height=&#8221;140px&#8221;][vc_single_image image=&#8221;2175&#8243; img_size=&#8221;400&#8243; alignment=&#8221;center&#8221; style=&#8221;vc_box_shadow_3d&#8221;][vc_single_image image=&#8221;2206&#8243; img_size=&#8221;400&#8243; alignment=&#8221;center&#8221; style=&#8221;vc_box_shadow_3d&#8221;][\/vc_column][\/vc_row][vc_row][vc_column][vc_row_inner][vc_column_inner width=&#8221;1\/3&#8243;]\r\n          <div class=\"countup-item\">\r\n            <img decoding=\"async\" draggable=\"false\" src=\"\">\r\n            <span class=\"number\" data-count=\"122\">122<\/span>\r\n            <div class=\"text\">\u00c1REA KM2<\/div>\r\n          <\/div>\r\n\r\n\r\n        [\/vc_column_inner][vc_column_inner width=&#8221;1\/3&#8243;]\r\n          <div class=\"countup-item\">\r\n            <img decoding=\"async\" draggable=\"false\" src=\"\">\r\n            <span class=\"number\" data-count=\"3430\">3430<\/span>\r\n            <div class=\"text\">HABITANTES<\/div>\r\n          <\/div>\r\n\r\n\r\n        [\/vc_column_inner][vc_column_inner width=&#8221;1\/3&#8243;]\r\n          <div class=\"countup-item\">\r\n            <img decoding=\"async\" draggable=\"false\" src=\"\">\r\n            <span class=\"number\" data-count=\"775\">775<\/span>\r\n            <div class=\"text\">METROS DE ALTITUDE<\/div>\r\n          <\/div>\r\n\r\n\r\n        [\/vc_column_inner][\/vc_row_inner][vc_empty_space height=&#8221;50&#8243;][\/vc_column][\/vc_row]<\/p>\n","protected":false},"excerpt":{"rendered":"<p>[vc_row full_width=&#8221;stretch_row&#8221; css=&#8221;.vc_custom_1531729276201{padding-bottom: 80px !important;}&#8221;][vc_column width=&#8221;1\/2&#8243;][vc_column_text]O Concelho de Manteigas, \u00e9 um territ\u00f3rio privilegiado e singular em pleno Parque Natural da Serra da Estrela, cujas condi\u00e7\u00f5es naturais, ecol\u00f3gicas e paisag\u00edsticas deslumbram naturais e visitantes. Em Manteigas pode desfrutar-se uma paisagem diversificada e com elementos \u00edmpares, atrativa e bem conservada, com locais de grande beleza e tranquilidade, [&hellip;]<\/p>\n","protected":false},"author":1,"featured_media":0,"parent":0,"menu_order":0,"comment_status":"closed","ping_status":"closed","template":"","meta":{"_monsterinsights_skip_tracking":false,"_monsterinsights_sitenote_active":false,"_monsterinsights_sitenote_note":"","_monsterinsights_sitenote_category":0,"footnotes":""},"yst_prominent_words":[238,239,234,233,237,240,235,227,232,172,229,236,228,80,88,231,113,89,115,230],"class_list":["post-2166","page","type-page","status-publish","hentry"],"_links":{"self":[{"href":"https:\/\/www.hoteldavila.pt\/portal\/wp-json\/wp\/v2\/pages\/2166","targetHints":{"allow":["GET"]}}],"collection":[{"href":"https:\/\/www.hoteldavila.pt\/portal\/wp-json\/wp\/v2\/pages"}],"about":[{"href":"https:\/\/www.hoteldavila.pt\/portal\/wp-json\/wp\/v2\/types\/page"}],"author":[{"embeddable":true,"href":"https:\/\/www.hoteldavila.pt\/portal\/wp-json\/wp\/v2\/users\/1"}],"replies":[{"embeddable":true,"href":"https:\/\/www.hoteldavila.pt\/portal\/wp-json\/wp\/v2\/comments?post=2166"}],"version-history":[{"count":24,"href":"https:\/\/www.hoteldavila.pt\/portal\/wp-json\/wp\/v2\/pages\/2166\/revisions"}],"predecessor-version":[{"id":2355,"href":"https:\/\/www.hoteldavila.pt\/portal\/wp-json\/wp\/v2\/pages\/2166\/revisions\/2355"}],"wp:attachment":[{"href":"https:\/\/www.hoteldavila.pt\/portal\/wp-json\/wp\/v2\/media?parent=2166"}],"wp:term":[{"taxonomy":"yst_prominent_words","embeddable":true,"href":"https:\/\/www.hoteldavila.pt\/portal\/wp-json\/wp\/v2\/yst_prominent_words?post=2166"}],"curies":[{"name":"wp","href":"https:\/\/api.w.org\/{rel}","templated":true}]}}