{"id":2931,"date":"2021-01-18T23:11:50","date_gmt":"2021-01-18T23:11:50","guid":{"rendered":"https:\/\/www.hoteldavila.pt\/portal\/?page_id=2931"},"modified":"2023-04-27T19:57:00","modified_gmt":"2023-04-27T19:57:00","slug":"pre-reserva-voucher-2021","status":"publish","type":"page","link":"https:\/\/www.hoteldavila.pt\/portal\/pre-reserva-voucher-2021\/","title":{"rendered":"PR\u00c9-RESERVA Voucher Oferta"},"content":{"rendered":"\n<p class=\"has-large-font-size\"><strong><mark style=\"background-color:rgba(0, 0, 0, 0);color:#335b69\" class=\"has-inline-color\">VOUCHER OFERTA<\/mark><\/strong><\/p>\n\n\n\n<div class=\"wp-block-columns is-layout-flex wp-container-core-columns-is-layout-9d6595d7 wp-block-columns-is-layout-flex\">\n<div class=\"wp-block-column is-layout-flow wp-block-column-is-layout-flow\">\n<figure class=\"wp-block-image size-large\"><img loading=\"lazy\" decoding=\"async\" width=\"1024\" height=\"683\" src=\"https:\/\/www.hoteldavila.pt\/portal\/wp-content\/uploads\/2021\/01\/1-1024x683.png\" alt=\"\" class=\"wp-image-2932\" srcset=\"https:\/\/www.hoteldavila.pt\/portal\/wp-content\/uploads\/2021\/01\/1-1024x683.png 1024w, https:\/\/www.hoteldavila.pt\/portal\/wp-content\/uploads\/2021\/01\/1-300x200.png 300w, https:\/\/www.hoteldavila.pt\/portal\/wp-content\/uploads\/2021\/01\/1-768x512.png 768w, https:\/\/www.hoteldavila.pt\/portal\/wp-content\/uploads\/2021\/01\/1-80x53.png 80w, https:\/\/www.hoteldavila.pt\/portal\/wp-content\/uploads\/2021\/01\/1-1536x1024.png 1536w, https:\/\/www.hoteldavila.pt\/portal\/wp-content\/uploads\/2021\/01\/1-600x400.png 600w, https:\/\/www.hoteldavila.pt\/portal\/wp-content\/uploads\/2021\/01\/1.png 1800w\" sizes=\"auto, (max-width: 1024px) 100vw, 1024px\" \/><\/figure>\n<\/div>\n\n\n\n<div class=\"wp-block-column is-layout-flow wp-block-column-is-layout-flow\">\n<figure class=\"wp-block-image size-large\"><img loading=\"lazy\" decoding=\"async\" width=\"1024\" height=\"683\" src=\"https:\/\/www.hoteldavila.pt\/portal\/wp-content\/uploads\/2021\/01\/2-1024x683.png\" alt=\"\" class=\"wp-image-2933\" srcset=\"https:\/\/www.hoteldavila.pt\/portal\/wp-content\/uploads\/2021\/01\/2-1024x683.png 1024w, https:\/\/www.hoteldavila.pt\/portal\/wp-content\/uploads\/2021\/01\/2-300x200.png 300w, https:\/\/www.hoteldavila.pt\/portal\/wp-content\/uploads\/2021\/01\/2-768x512.png 768w, https:\/\/www.hoteldavila.pt\/portal\/wp-content\/uploads\/2021\/01\/2-80x53.png 80w, https:\/\/www.hoteldavila.pt\/portal\/wp-content\/uploads\/2021\/01\/2-1536x1024.png 1536w, https:\/\/www.hoteldavila.pt\/portal\/wp-content\/uploads\/2021\/01\/2-600x400.png 600w, https:\/\/www.hoteldavila.pt\/portal\/wp-content\/uploads\/2021\/01\/2.png 1800w\" sizes=\"auto, (max-width: 1024px) 100vw, 1024px\" \/><\/figure>\n<\/div>\n<\/div>\n\n\n\n<p>O voucher tem validade para utiliza\u00e7\u00e3o at\u00e9 novembro do ano do mesmo, pode ser renov\u00e1vel mediante pedido Para mais informa\u00e7\u00f5es contacte-nos para o +351 275 011 087.<\/p>\n\n\n\n<div class=\"wp-block-columns is-layout-flex wp-container-core-columns-is-layout-9d6595d7 wp-block-columns-is-layout-flex\">\n<div class=\"wp-block-column is-layout-flow wp-block-column-is-layout-flow\"><\/div>\n<\/div>\n\n\n\n<h4 class=\"wp-block-heading\">Condi\u00e7\u00f5es:<\/h4>\n\n\n\n<p>O voucher inclui:<\/p>\n\n\n\n<ul class=\"wp-block-list\">\n<li>Alojamento na tipologia escolhida<\/li>\n\n\n\n<li>Pequeno-almo\u00e7o buffet&nbsp;<\/li>\n<\/ul>\n\n\n\n<div style=\"height:44px\" aria-hidden=\"true\" class=\"wp-block-spacer\"><\/div>\n\n\n<div class=\"wpforms-container wpforms-container-full\" id=\"wpforms-2930\"><form id=\"wpforms-form-2930\" class=\"wpforms-validate wpforms-form\" data-formid=\"2930\" method=\"post\" enctype=\"multipart\/form-data\" action=\"\/portal\/wp-json\/wp\/v2\/pages\/2931\"><noscript class=\"wpforms-error-noscript\">Please enable JavaScript in your browser to complete this form.<\/noscript><div class=\"wpforms-field-container\"><div id=\"wpforms-2930-field_8-container\" class=\"wpforms-field wpforms-field-payment-multiple\" data-field-id=\"8\"><label class=\"wpforms-field-label\" for=\"wpforms-2930-field_8\">Qual a tipologia escolhida? <span class=\"wpforms-required-label\">*<\/span><\/label><ul id=\"wpforms-2930-field_8\" class=\"wpforms-field-required\"><li class=\"choice-4\"><input type=\"radio\" id=\"wpforms-2930-field_8_4\" class=\"wpforms-payment-price\" data-amount=\"0,00\" name=\"wpforms[fields][8]\" value=\"4\" required ><label class=\"wpforms-field-label-inline\" for=\"wpforms-2930-field_8_4\">Suite<\/label><\/li><li class=\"choice-5\"><input type=\"radio\" id=\"wpforms-2930-field_8_5\" class=\"wpforms-payment-price\" data-amount=\"0,00\" name=\"wpforms[fields][8]\" value=\"5\" required ><label class=\"wpforms-field-label-inline\" for=\"wpforms-2930-field_8_5\">Quarto Superior com Vista Montanha<\/label><\/li><li class=\"choice-6\"><input type=\"radio\" id=\"wpforms-2930-field_8_6\" class=\"wpforms-payment-price\" data-amount=\"0,00\" name=\"wpforms[fields][8]\" value=\"6\" required ><label class=\"wpforms-field-label-inline\" for=\"wpforms-2930-field_8_6\">Quarto Amplo com Vista Vila<\/label><\/li><li class=\"choice-7\"><input type=\"radio\" id=\"wpforms-2930-field_8_7\" class=\"wpforms-payment-price\" data-amount=\"0,00\" name=\"wpforms[fields][8]\" value=\"7\" required ><label class=\"wpforms-field-label-inline\" for=\"wpforms-2930-field_8_7\">Quarto com Varanda<\/label><\/li><li class=\"choice-8\"><input type=\"radio\" id=\"wpforms-2930-field_8_8\" class=\"wpforms-payment-price\" data-amount=\"0,00\" name=\"wpforms[fields][8]\" value=\"8\" required ><label class=\"wpforms-field-label-inline\" for=\"wpforms-2930-field_8_8\">Quarto com Vista Vila <\/label><\/li><\/ul><\/div><div id=\"wpforms-2930-field_43-container\" class=\"wpforms-field wpforms-field-divider\" data-field-id=\"43\"><div class=\"wpforms-field-description\"> O voucher tem validade para utiliza\u00e7\u00e3o at\u00e9 novembro do ano do mesmo. Pode ser renov\u00e1vel mediante pedido. \r\nPara mais informa\u00e7\u00f5es contacte-nos para o +351 275 011 087.<\/div><\/div><div id=\"wpforms-2930-field_29-container\" class=\"wpforms-field wpforms-field-text\" data-field-id=\"29\"><label class=\"wpforms-field-label\" for=\"wpforms-2930-field_29\">N\u00famero de Noites?  <span class=\"wpforms-required-label\">*<\/span><\/label><input type=\"text\" id=\"wpforms-2930-field_29\" class=\"wpforms-field-medium wpforms-field-required\" name=\"wpforms[fields][29]\" required><\/div><div id=\"wpforms-2930-field_42-container\" class=\"wpforms-field wpforms-field-radio\" data-field-id=\"42\"><label class=\"wpforms-field-label\" for=\"wpforms-2930-field_42\">O voucher ser\u00e1 para usufruir... <span class=\"wpforms-required-label\">*<\/span><\/label><ul id=\"wpforms-2930-field_42\" class=\"wpforms-field-required\"><li class=\"choice-1 depth-1\"><input type=\"radio\" id=\"wpforms-2930-field_42_1\" name=\"wpforms[fields][42]\" value=\"...durante a Semana\" required ><label class=\"wpforms-field-label-inline\" for=\"wpforms-2930-field_42_1\">...durante a Semana<\/label><\/li><li class=\"choice-2 depth-1\"><input type=\"radio\" id=\"wpforms-2930-field_42_2\" name=\"wpforms[fields][42]\" value=\"...ao Fim de Semana\" required ><label class=\"wpforms-field-label-inline\" for=\"wpforms-2930-field_42_2\">...ao Fim de Semana<\/label><\/li><li class=\"choice-3 depth-1\"><input type=\"radio\" id=\"wpforms-2930-field_42_3\" name=\"wpforms[fields][42]\" value=\"...durante a \u00e9poca alta\" required ><label class=\"wpforms-field-label-inline\" for=\"wpforms-2930-field_42_3\">...durante a \u00e9poca alta<\/label><\/li><\/ul><\/div><div id=\"wpforms-2930-field_41-container\" class=\"wpforms-field wpforms-field-payment-multiple\" data-field-id=\"41\"><label class=\"wpforms-field-label\" for=\"wpforms-2930-field_41\">Como pretende receber o seu Voucher? (copy) <span class=\"wpforms-required-label\">*<\/span><\/label><ul id=\"wpforms-2930-field_41\" class=\"wpforms-field-required\"><li class=\"choice-4\"><input type=\"radio\" id=\"wpforms-2930-field_41_4\" class=\"wpforms-payment-price\" data-amount=\"0,00\" name=\"wpforms[fields][41]\" value=\"4\" required ><label class=\"wpforms-field-label-inline\" for=\"wpforms-2930-field_41_4\">Email<\/label><\/li><li class=\"choice-9\"><input type=\"radio\" id=\"wpforms-2930-field_41_9\" class=\"wpforms-payment-price\" data-amount=\"0,53\" name=\"wpforms[fields][41]\" value=\"9\" required ><label class=\"wpforms-field-label-inline\" for=\"wpforms-2930-field_41_9\">CTT<\/label><\/li><\/ul><div class=\"wpforms-field-description\">Se pretende oferecer o voucher, por favor, coloque o E-mail da pessoa ou o Nome e a Morada, no caso da op\u00e7\u00e3o ser os CTT, no campo \"Observa\u00e7\u00f5es\"<\/div><\/div><div id=\"wpforms-2930-field_11-container\" class=\"wpforms-field wpforms-field-textarea\" data-field-id=\"11\"><label class=\"wpforms-field-label\" for=\"wpforms-2930-field_11\">Observa\u00e7\u00f5es<\/label><textarea id=\"wpforms-2930-field_11\" class=\"wpforms-field-medium\" name=\"wpforms[fields][11]\" ><\/textarea><div class=\"wpforms-field-description\">Coloque aqui alguma informa\u00e7\u00e3o pertinente.<\/div><\/div><div id=\"wpforms-2930-field_23-container\" class=\"wpforms-field wpforms-field-html\" data-field-id=\"23\"><div id=\"wpforms-2930-field_23\">Crian\u00e7as at\u00e9 3 anos \u2013 Acomoda\u00e7\u00e3o em cama de viagem - Gratuito \r\n<br>\r\nCrian\u00e7as a partir dos 4 aos 17 anos - 15\u20ac\/noite<\/div><\/div><div id=\"wpforms-2930-field_36-container\" class=\"wpforms-field wpforms-field-divider\" data-field-id=\"36\"><\/div><div id=\"wpforms-2930-field_19-container\" class=\"wpforms-field wpforms-field-divider\" data-field-id=\"19\"><h3 id=\"wpforms-2930-field_19\" name=\"wpforms[fields][19]\">Dados para Fatura\u00e7\u00e3o<\/h3><\/div><div id=\"wpforms-2930-field_3-container\" class=\"wpforms-field wpforms-field-text\" data-field-id=\"3\"><label class=\"wpforms-field-label\" for=\"wpforms-2930-field_3\">Nome Completo (Quem oferece) <span class=\"wpforms-required-label\">*<\/span><\/label><input type=\"text\" id=\"wpforms-2930-field_3\" class=\"wpforms-field-medium wpforms-field-required\" name=\"wpforms[fields][3]\" required><\/div><div id=\"wpforms-2930-field_5-container\" class=\"wpforms-field wpforms-field-address\" data-field-id=\"5\"><label class=\"wpforms-field-label\" for=\"wpforms-2930-field_5\">Morada <span class=\"wpforms-required-label\">*<\/span><\/label><div class=\"wpforms-field-row wpforms-field-medium\"><div ><input type=\"text\" id=\"wpforms-2930-field_5\" class=\"wpforms-field-address-address1 wpforms-field-required\" name=\"wpforms[fields][5][address1]\" placeholder=\"Linha 1\" required><label for=\"wpforms-2930-field_5\" class=\"wpforms-field-sublabel after wpforms-sublabel-hide\">Address Line 1<\/label><\/div><\/div><div class=\"wpforms-field-row wpforms-field-medium\"><div ><input type=\"text\" id=\"wpforms-2930-field_5-address2\" class=\"wpforms-field-address-address2\" name=\"wpforms[fields][5][address2]\" placeholder=\"Linha 2\" ><label for=\"wpforms-2930-field_5-address2\" class=\"wpforms-field-sublabel after wpforms-sublabel-hide\">Address Line 2<\/label><\/div><\/div><div class=\"wpforms-field-row wpforms-field-medium\"><div class=\"wpforms-field-row-block wpforms-one-half wpforms-first\"><input type=\"text\" id=\"wpforms-2930-field_5-city\" class=\"wpforms-field-address-city wpforms-field-required\" name=\"wpforms[fields][5][city]\" placeholder=\"Cidade\" required><label for=\"wpforms-2930-field_5-city\" class=\"wpforms-field-sublabel after wpforms-sublabel-hide\">City<\/label><\/div><div class=\"wpforms-field-row-block wpforms-one-half\"><input type=\"text\" id=\"wpforms-2930-field_5-state\" class=\"wpforms-field-address-state wpforms-field-required\" name=\"wpforms[fields][5][state]\" placeholder=\"Distrito\" required><label for=\"wpforms-2930-field_5-state\" class=\"wpforms-field-sublabel after wpforms-sublabel-hide\">State \/ Province \/ Region<\/label><\/div><\/div><div class=\"wpforms-field-row wpforms-field-medium\"><div class=\"wpforms-field-row-block wpforms-one-half wpforms-first\"><input type=\"text\" id=\"wpforms-2930-field_5-postal\" class=\"wpforms-field-address-postal wpforms-field-required\" name=\"wpforms[fields][5][postal]\" value=\"0000-000\" placeholder=\"C\u00f3digo Postal\" required><label for=\"wpforms-2930-field_5-postal\" class=\"wpforms-field-sublabel after wpforms-sublabel-hide\">Postal Code<\/label><\/div><\/div><\/div><div id=\"wpforms-2930-field_7-container\" class=\"wpforms-field wpforms-field-phone\" data-field-id=\"7\"><label class=\"wpforms-field-label\" for=\"wpforms-2930-field_7\">Telefone <span class=\"wpforms-required-label\">*<\/span><\/label><input type=\"tel\" id=\"wpforms-2930-field_7\" class=\"wpforms-field-medium wpforms-field-required\" data-rule-int-phone-field=\"true\" name=\"wpforms[fields][7]\" required><\/div><div id=\"wpforms-2930-field_6-container\" class=\"wpforms-field wpforms-field-email\" data-field-id=\"6\"><label class=\"wpforms-field-label\" for=\"wpforms-2930-field_6\">Email <span class=\"wpforms-required-label\">*<\/span><\/label><input type=\"email\" id=\"wpforms-2930-field_6\" class=\"wpforms-field-medium wpforms-field-required\" name=\"wpforms[fields][6]\" required><\/div><div id=\"wpforms-2930-field_32-container\" class=\"wpforms-field wpforms-field-text\" data-field-id=\"32\"><label class=\"wpforms-field-label\" for=\"wpforms-2930-field_32\">NIF  <span class=\"wpforms-required-label\">*<\/span><\/label><input type=\"text\" id=\"wpforms-2930-field_32\" class=\"wpforms-field-small wpforms-field-required wpforms-limit-characters-enabled\" data-form-id=\"2930\" data-field-id=\"32\" data-text-limit=\"9\" name=\"wpforms[fields][32]\" maxlength=\"9\" required><div class=\"wpforms-field-description\">N\u00famero de Identifica\u00e7\u00e3o Fiscal<\/div><\/div><div id=\"wpforms-2930-field_44-container\" class=\"wpforms-field wpforms-field-text\" data-field-id=\"44\"><label class=\"wpforms-field-label\" for=\"wpforms-2930-field_44\">Nome Completo (a quem quer oferecer)<\/label><input type=\"text\" id=\"wpforms-2930-field_44\" class=\"wpforms-field-medium\" name=\"wpforms[fields][44]\" ><\/div><div id=\"wpforms-2930-field_45-container\" class=\"wpforms-field wpforms-field-address\" data-field-id=\"45\"><label class=\"wpforms-field-label\" for=\"wpforms-2930-field_45\">Morada para Oferta (opcional, apenas preencher se pretenderem que o envio seja por CTT, com custo associado de envio 3,5\u20ac, correio normal nacional)<\/label><div class=\"wpforms-field-row wpforms-field-medium\"><div ><input type=\"text\" id=\"wpforms-2930-field_45\" class=\"wpforms-field-address-address1\" name=\"wpforms[fields][45][address1]\" placeholder=\"Linha 1\" ><label for=\"wpforms-2930-field_45\" class=\"wpforms-field-sublabel after wpforms-sublabel-hide\">Address Line 1<\/label><\/div><\/div><div class=\"wpforms-field-row wpforms-field-medium\"><div ><input type=\"text\" id=\"wpforms-2930-field_45-address2\" class=\"wpforms-field-address-address2\" name=\"wpforms[fields][45][address2]\" placeholder=\"Linha 2\" ><label for=\"wpforms-2930-field_45-address2\" class=\"wpforms-field-sublabel after wpforms-sublabel-hide\">Address Line 2<\/label><\/div><\/div><div class=\"wpforms-field-row wpforms-field-medium\"><div class=\"wpforms-field-row-block wpforms-one-half wpforms-first\"><input type=\"text\" id=\"wpforms-2930-field_45-city\" class=\"wpforms-field-address-city\" name=\"wpforms[fields][45][city]\" placeholder=\"Cidade\" ><label for=\"wpforms-2930-field_45-city\" class=\"wpforms-field-sublabel after wpforms-sublabel-hide\">City<\/label><\/div><div class=\"wpforms-field-row-block wpforms-one-half\"><input type=\"text\" id=\"wpforms-2930-field_45-state\" class=\"wpforms-field-address-state\" name=\"wpforms[fields][45][state]\" placeholder=\"Distrito\" ><label for=\"wpforms-2930-field_45-state\" class=\"wpforms-field-sublabel after wpforms-sublabel-hide\">State \/ Province \/ Region<\/label><\/div><\/div><div class=\"wpforms-field-row wpforms-field-medium\"><div class=\"wpforms-field-row-block wpforms-one-half wpforms-first\"><input type=\"text\" id=\"wpforms-2930-field_45-postal\" class=\"wpforms-field-address-postal\" name=\"wpforms[fields][45][postal]\" value=\"0000-000\" placeholder=\"C\u00f3digo Postal\" ><label for=\"wpforms-2930-field_45-postal\" class=\"wpforms-field-sublabel after wpforms-sublabel-hide\">Postal Code<\/label><\/div><\/div><\/div><div id=\"wpforms-2930-field_18-container\" class=\"wpforms-field wpforms-field-divider\" data-field-id=\"18\"><\/div><div id=\"wpforms-2930-field_17-container\" class=\"wpforms-field wpforms-field-radio\" data-field-id=\"17\"><label class=\"wpforms-field-label\" for=\"wpforms-2930-field_17\">Consentimento GDPR <span class=\"wpforms-required-label\">*<\/span><\/label><ul id=\"wpforms-2930-field_17\" class=\"wpforms-field-required\"><li class=\"choice-1 depth-1\"><input type=\"radio\" id=\"wpforms-2930-field_17_1\" name=\"wpforms[fields][17]\" value=\"Autorizo que este portal armazene as informa\u00e7\u00f5es enviadas para que possam responder \u00e0 minha pr\u00e9-reserva.\" required ><label class=\"wpforms-field-label-inline\" for=\"wpforms-2930-field_17_1\">Autorizo que este portal armazene as informa\u00e7\u00f5es enviadas para que possam responder \u00e0 minha pr\u00e9-reserva.<\/label><\/li><\/ul><\/div><div id=\"wpforms-2930-field_16-container\" class=\"wpforms-field wpforms-field-divider\" data-field-id=\"16\"><\/div><\/div><div class=\"wpforms-field wpforms-field-hp\"><label for=\"wpforms-2930-field-hp\" class=\"wpforms-field-label\">Email<\/label><input type=\"text\" name=\"wpforms[hp]\" id=\"wpforms-2930-field-hp\" class=\"wpforms-field-medium\"><\/div><div class=\"wpforms-recaptcha-container\" ><div class=\"g-recaptcha\" data-sitekey=\"6Ldcp9IZAAAAACGNdvd_mYsW9IIP-BwIh40u1udt\"><\/div><input type=\"text\" name=\"g-recaptcha-hidden\" class=\"wpforms-recaptcha-hidden\" style=\"position:absolute!important;clip:rect(0,0,0,0)!important;height:1px!important;width:1px!important;border:0!important;overflow:hidden!important;padding:0!important;margin:0!important;\" required><\/div><div class=\"wpforms-submit-container\" ><input type=\"hidden\" name=\"wpforms[id]\" value=\"2930\"><input type=\"hidden\" name=\"wpforms[author]\" value=\"1\"><button type=\"submit\" name=\"wpforms[submit]\" class=\"wpforms-submit \" id=\"wpforms-submit-2930\" value=\"wpforms-submit\" aria-live=\"assertive\" >Submeter<\/button><\/div><\/form><\/div>  <!-- .wpforms-container -->\n\n\n\n<p>Nas pr\u00f3ximas 24 horas enviaremos os dados para pagamento. Para mais informa\u00e7\u00f5es contacte-nos para o <a href=\"callto:+351275011087\"><strong>+351 275 011 087<\/strong>.<\/a><\/p>\n\n\n\n<p>Os pre\u00e7os apresentados j\u00e1 incluem IVA \u00e0 taxa legal em vigor.<\/p>\n\n\n\n<p><\/p>\n","protected":false},"excerpt":{"rendered":"<p>VOUCHER OFERTA O voucher tem validade para utiliza\u00e7\u00e3o at\u00e9 novembro do ano do mesmo, pode ser renov\u00e1vel mediante pedido Para mais informa\u00e7\u00f5es contacte-nos para o +351 275 011 087. Condi\u00e7\u00f5es: O voucher inclui: Nas pr\u00f3ximas 24 horas enviaremos os dados para pagamento. Para mais informa\u00e7\u00f5es contacte-nos para o +351 275 011 087. Os pre\u00e7os apresentados [&hellip;]<\/p>\n","protected":false},"author":1,"featured_media":0,"parent":0,"menu_order":0,"comment_status":"closed","ping_status":"closed","template":"","meta":{"_monsterinsights_skip_tracking":false,"_monsterinsights_sitenote_active":false,"_monsterinsights_sitenote_note":"","_monsterinsights_sitenote_category":0,"footnotes":""},"yst_prominent_words":[258],"class_list":["post-2931","page","type-page","status-publish","hentry"],"_links":{"self":[{"href":"https:\/\/www.hoteldavila.pt\/portal\/wp-json\/wp\/v2\/pages\/2931","targetHints":{"allow":["GET"]}}],"collection":[{"href":"https:\/\/www.hoteldavila.pt\/portal\/wp-json\/wp\/v2\/pages"}],"about":[{"href":"https:\/\/www.hoteldavila.pt\/portal\/wp-json\/wp\/v2\/types\/page"}],"author":[{"embeddable":true,"href":"https:\/\/www.hoteldavila.pt\/portal\/wp-json\/wp\/v2\/users\/1"}],"replies":[{"embeddable":true,"href":"https:\/\/www.hoteldavila.pt\/portal\/wp-json\/wp\/v2\/comments?post=2931"}],"version-history":[{"count":8,"href":"https:\/\/www.hoteldavila.pt\/portal\/wp-json\/wp\/v2\/pages\/2931\/revisions"}],"predecessor-version":[{"id":3381,"href":"https:\/\/www.hoteldavila.pt\/portal\/wp-json\/wp\/v2\/pages\/2931\/revisions\/3381"}],"wp:attachment":[{"href":"https:\/\/www.hoteldavila.pt\/portal\/wp-json\/wp\/v2\/media?parent=2931"}],"wp:term":[{"taxonomy":"yst_prominent_words","embeddable":true,"href":"https:\/\/www.hoteldavila.pt\/portal\/wp-json\/wp\/v2\/yst_prominent_words?post=2931"}],"curies":[{"name":"wp","href":"https:\/\/api.w.org\/{rel}","templated":true}]}}